{"id":284,"date":"2021-03-03T16:52:21","date_gmt":"2021-03-03T15:52:21","guid":{"rendered":"http:\/\/knneuro.fuw.edu.pl\/?page_id=284"},"modified":"2024-12-17T14:42:34","modified_gmt":"2024-12-17T13:42:34","slug":"aktualnosci","status":"publish","type":"page","link":"https:\/\/knneuro.fuw.edu.pl\/index.php\/aktualnosci\/","title":{"rendered":"Aktualno\u015bci"},"content":{"rendered":"\n<div class=\"wp-block-query is-layout-flow wp-block-query-is-layout-flow\"><ul class=\"wp-block-post-template is-layout-flow wp-block-post-template-is-layout-flow\"><li class=\"wp-block-post post-729 post type-post status-publish format-standard has-post-thumbnail hentry category-wyklad\">\n\n<hr class=\"wp-block-separator has-css-opacity\"\/>\n\n\n<h2 class=\"wp-block-post-title\"><a href=\"https:\/\/knneuro.fuw.edu.pl\/index.php\/2025\/05\/wyklad-otwarty-from-pixels-to-numbers-numerosity-perception-in-humans-and-machines\/\" target=\"_self\" >[Updated] <strong>Wyk\u0142ady otwarte prof. Marco Zorzi na Wydziale Fizyki UW<\/strong><\/a><\/h2>\n\n<div class=\"wp-block-post-date\"><time datetime=\"2025-05-13T13:01:00+02:00\">13 maja 2025<\/time><\/div>\n\n<figure class=\"alignwide wp-block-post-featured-image\"><a href=\"https:\/\/knneuro.fuw.edu.pl\/index.php\/2025\/05\/wyklad-otwarty-from-pixels-to-numbers-numerosity-perception-in-humans-and-machines\/\" target=\"_self\"  ><img loading=\"lazy\" decoding=\"async\" width=\"1200\" height=\"800\" src=\"https:\/\/knneuro.fuw.edu.pl\/wp-content\/uploads\/2025\/05\/MarcoZorzi1.webp\" class=\"attachment-post-thumbnail size-post-thumbnail wp-post-image\" alt=\"[Updated] Wyk\u0142ady otwarte prof. Marco Zorzi na Wydziale Fizyki UW\" style=\"object-fit:cover;\" srcset=\"https:\/\/knneuro.fuw.edu.pl\/wp-content\/uploads\/2025\/05\/MarcoZorzi1.webp 1200w, https:\/\/knneuro.fuw.edu.pl\/wp-content\/uploads\/2025\/05\/MarcoZorzi1-300x200.webp 300w, https:\/\/knneuro.fuw.edu.pl\/wp-content\/uploads\/2025\/05\/MarcoZorzi1-1024x683.webp 1024w, https:\/\/knneuro.fuw.edu.pl\/wp-content\/uploads\/2025\/05\/MarcoZorzi1-768x512.webp 768w\" sizes=\"auto, 100vw\" \/><\/a><\/figure>\n\n<div class=\"entry-content wp-block-post-content is-layout-flow wp-block-post-content-is-layout-flow\">\n<p>Dzi\u0119ki uprzejmo\u015bci Wydzia\u0142u Psychologii UW ju\u017c w tym tygodniu mamy zaszczyt go\u015bci\u0107 <mark style=\"background-color:rgba(0, 0, 0, 0)\" class=\"has-inline-color has-luminous-vivid-orange-color\">prof. Marco Zorzi<\/mark> <mark style=\"background-color:rgba(0, 0, 0, 0)\" class=\"has-inline-color has-luminous-vivid-orange-color\">z Uniwerytetu Padewskiego<\/mark>. Wyg\u0142osi on miniseri\u0119 wyk\u0142ad\u00f3w otwartych:<\/p>\n\n\n\n<p><mark style=\"background-color:rgba(0, 0, 0, 0)\" class=\"has-inline-color has-luminous-vivid-orange-color\">From pixels to numbers: Numerosity perception in humans and machines<\/mark> &#8211; wyk\u0142ad odb\u0119dzie si\u0119  w \u015brod\u0119 <mark style=\"background-color:rgba(0, 0, 0, 0)\" class=\"has-inline-color has-luminous-vivid-orange-color\">21.05.2025<\/mark> o godzinie 17:00 w sali 0.06 na Wydziale Fizyki Uniwersytetu Warszawskiego.<\/p>\n\n\n\n<p><mark style=\"background-color:rgba(0, 0, 0, 0)\" class=\"has-inline-color has-luminous-vivid-orange-color\">Abstact:<\/mark> How is visual numerosity computed from images? How is numerical information encoded and how it relates to non-numerical visual magnitudes? Why does numerosity discrimination improve during development but it lags behind in dyscalculia? This talk will address these issues using computational simulations with deep neural networks.<\/p>\n\n\n\n<p><mark style=\"background-color:rgba(0, 0, 0, 0)\" class=\"has-inline-color has-luminous-vivid-orange-color\">Computational modelling of cognition:\u00a0methods and challenges<\/mark> &#8211; wyk\u0142ad odb\u0119dzie si\u0119  w czwartek <mark style=\"background-color:rgba(0, 0, 0, 0)\" class=\"has-inline-color has-luminous-vivid-orange-color\">22.05.2025<\/mark> o godzinie 17:30 w sali 0.06 na Wydziale Fizyki Uniwersytetu Warszawskiego.<\/p>\n\n\n\n<p><mark style=\"background-color:rgba(0, 0, 0, 0)\" class=\"has-inline-color has-luminous-vivid-orange-color\">Abstact:<\/mark> The lecture will cover basic methodological issues in computational modeling of cognition. Starting from a taxonomy of cognitive models and the aims of computational modeling, the discussion will focus on evaluation criteria and their application to connectionist (neural network) models.<\/p>\n\n\n\n<p><strong><mark style=\"background-color:rgba(0, 0, 0, 0)\" class=\"has-inline-color has-luminous-vivid-orange-color\">Marco Zorzi<\/mark><\/strong>&nbsp;is Full Professor of Artificial Intelligence and Cognitive Psychology at the University of Padova, and Senior Researcher at IRCCS San Camillo Neurorehabilitation Hospital in Venice-Lido.<\/p>\n\n\n\n<p>Trained in cognitive psychology, computational modelling, computational and cognitive neuroscience during doctoral and postdoctoral studies in Trieste (University of Trieste and SISSA), London (UCL) and Padova, he joined San Raffaele University-Milan in 2000 as assistant professor and the University of Padova in 2001 as associate professor (full professor since 2006).<\/p>\n\n\n\n<p>In 2001 he set up the&nbsp;<a href=\"http:\/\/ccnl.psy.unipd.it\/\"><mark style=\"background-color:rgba(0, 0, 0, 0)\" class=\"has-inline-color has-luminous-vivid-orange-color\">Computational Cognitive Neuroscience Lab<\/mark><\/a>, an interdisciplinary research laboratory at the frontiers between cognitive science, computer science and neuroscience, focused on the computational bases of human cognition.&nbsp; Computational modeling based on artificial neural networks is complemented by empirical studies on adults (both healthy and neurologically impaired) and children (both typically and atypically developing) using behavioral and cognitive neuroscience methods.<\/p>\n\n\n\n<p>Recent computational work was supported by the European Research Council and exploits deep learning and probabilistic graphical models to produce realistic simulations of human neurocognitive functions. State-of-the-art machine learning methods are also applied to neuroinformatics (neuroimaging data) and industrial applications.<\/p>\n\n\n\n<p>Major past grants include Italian Ministry of Education and University (PRIN 2002, 2004, 2006, 2008), Italian Ministry of Health (RF 2013), University of Padova (Strategic Grants), Cariparo Foundation (Excellence Grants), Compagnia di San Paolo (Neuroscience Program), European Commission (FP5 and FP6, Marie Curie RTN), European Research Council.<\/p>\n\n\n\n<p><\/p>\n<\/div>\n<\/li><li class=\"wp-block-post post-725 post type-post status-publish format-standard has-post-thumbnail hentry category-wyklad\">\n\n<hr class=\"wp-block-separator has-css-opacity\"\/>\n\n\n<h2 class=\"wp-block-post-title\"><a href=\"https:\/\/knneuro.fuw.edu.pl\/index.php\/2025\/05\/co-po-fizyce-jak-wyglada-budowanie-swojej-firmy-ai\/\" target=\"_self\" ><strong>Co po fizyce: Jak wygl\u0105da budowanie swojej firmy AI?<\/strong><\/a><\/h2>\n\n<div class=\"wp-block-post-date\"><time datetime=\"2025-05-10T12:33:00+02:00\">10 maja 2025<\/time><\/div>\n\n<figure class=\"alignwide wp-block-post-featured-image\"><a href=\"https:\/\/knneuro.fuw.edu.pl\/index.php\/2025\/05\/co-po-fizyce-jak-wyglada-budowanie-swojej-firmy-ai\/\" target=\"_self\"  ><img loading=\"lazy\" decoding=\"async\" width=\"1920\" height=\"1080\" src=\"https:\/\/knneuro.fuw.edu.pl\/wp-content\/uploads\/2025\/05\/co-po-fizyce-zakladanie-firmy-AI.jpg\" class=\"attachment-post-thumbnail size-post-thumbnail wp-post-image\" alt=\"Co po fizyce: Jak wygl\u0105da budowanie swojej firmy AI?\" style=\"object-fit:cover;\" srcset=\"https:\/\/knneuro.fuw.edu.pl\/wp-content\/uploads\/2025\/05\/co-po-fizyce-zakladanie-firmy-AI.jpg 1920w, https:\/\/knneuro.fuw.edu.pl\/wp-content\/uploads\/2025\/05\/co-po-fizyce-zakladanie-firmy-AI-300x169.jpg 300w, https:\/\/knneuro.fuw.edu.pl\/wp-content\/uploads\/2025\/05\/co-po-fizyce-zakladanie-firmy-AI-1024x576.jpg 1024w, https:\/\/knneuro.fuw.edu.pl\/wp-content\/uploads\/2025\/05\/co-po-fizyce-zakladanie-firmy-AI-768x432.jpg 768w, https:\/\/knneuro.fuw.edu.pl\/wp-content\/uploads\/2025\/05\/co-po-fizyce-zakladanie-firmy-AI-1536x864.jpg 1536w\" sizes=\"auto, 100vw\" \/><\/a><\/figure>\n\n<div class=\"entry-content wp-block-post-content is-layout-flow wp-block-post-content-is-layout-flow\">\n<p>A mo\u017ce tak rzuci\u0107 wszystko i za\u0142o\u017cy\u0107 firm\u0119 AI? W ramach cyklu wyk\u0105d\u00f3w otwartych zapraszamy serdecznie na wyk\u0142ad <mark style=\"background-color:rgba(0, 0, 0, 0)\" class=\"has-inline-color has-luminous-vivid-orange-color\"><strong>prof. Jana Kwapisza<\/strong><\/mark>, gdzie dowiemy si\u0119 co mo\u017cna robi\u0107 po fizyc\u0119!<\/p>\n\n\n\n<p>Wyk\u0142ad odb\u0119dzie si\u0119 <mark style=\"background-color:rgba(0, 0, 0, 0)\" class=\"has-inline-color has-luminous-vivid-orange-color\">13.05.2025<\/mark> o <mark style=\"background-color:rgba(0, 0, 0, 0)\" class=\"has-inline-color has-luminous-vivid-orange-color\">17:30<\/mark> w sali 1.40 na <mark style=\"background-color:rgba(0, 0, 0, 0)\" class=\"has-inline-color has-luminous-vivid-orange-color\">Wydziale Fizyki<\/mark> Uniwersytetu Warszawskiego.<\/p>\n\n\n\n<p>Serdecznie zapraszamy!<\/p>\n\n\n\n<p><\/p>\n<\/div>\n<\/li><li class=\"wp-block-post post-718 post type-post status-publish format-standard has-post-thumbnail hentry category-wyklad\">\n\n<hr class=\"wp-block-separator has-css-opacity\"\/>\n\n\n<h2 class=\"wp-block-post-title\"><a href=\"https:\/\/knneuro.fuw.edu.pl\/index.php\/2025\/05\/badanie-plastycznosci-mozgu-zwiazanej-z-nauka-czytania-wyklad-otwarty\/\" target=\"_self\" ><strong> Badanie plastyczno\u015bci m\u00f3zgu zwi\u0105zanej z nauk\u0105 czytania &#8211; wyk\u0142ad otwarty <\/strong><\/a><\/h2>\n\n<div class=\"wp-block-post-date\"><time datetime=\"2025-05-09T13:08:37+02:00\">9 maja 2025<\/time><\/div>\n\n<figure class=\"alignwide wp-block-post-featured-image\"><a href=\"https:\/\/knneuro.fuw.edu.pl\/index.php\/2025\/05\/badanie-plastycznosci-mozgu-zwiazanej-z-nauka-czytania-wyklad-otwarty\/\" target=\"_self\"  ><img loading=\"lazy\" decoding=\"async\" width=\"1920\" height=\"1080\" src=\"https:\/\/knneuro.fuw.edu.pl\/wp-content\/uploads\/2025\/05\/WO_F_20.05.png\" class=\"attachment-post-thumbnail size-post-thumbnail wp-post-image\" alt=\"Badanie plastyczno\u015bci m\u00f3zgu zwi\u0105zanej z nauk\u0105 czytania &#8211; wyk\u0142ad otwarty\" style=\"object-fit:cover;\" srcset=\"https:\/\/knneuro.fuw.edu.pl\/wp-content\/uploads\/2025\/05\/WO_F_20.05.png 1920w, https:\/\/knneuro.fuw.edu.pl\/wp-content\/uploads\/2025\/05\/WO_F_20.05-300x169.png 300w, https:\/\/knneuro.fuw.edu.pl\/wp-content\/uploads\/2025\/05\/WO_F_20.05-1024x576.png 1024w, https:\/\/knneuro.fuw.edu.pl\/wp-content\/uploads\/2025\/05\/WO_F_20.05-768x432.png 768w, https:\/\/knneuro.fuw.edu.pl\/wp-content\/uploads\/2025\/05\/WO_F_20.05-1536x864.png 1536w\" sizes=\"auto, 100vw\" \/><\/a><\/figure>\n\n<div class=\"entry-content wp-block-post-content is-layout-flow wp-block-post-content-is-layout-flow\">\n<p>Najbli\u017cszy wyk\u0142ad z cyklu wyk\u0142ad\u00f3w otwartych b\u0119dzie \u015bwietn\u0105 okazj\u0105 na zg\u0142\u0119bienie tajnik\u00f3w neuronalnego pod\u0142o\u017ca procesu czytania. Wyg\u0142osi go specjalistka w dziedzinie neurobiologii proces\u00f3w j\u0119zykowych:<strong> <mark style=\"background-color:rgba(0, 0, 0, 0)\" class=\"has-inline-color has-luminous-vivid-orange-color\">dr. hab. Agnieszka D\u0119bska<\/mark>.<\/strong><\/p>\n\n\n\n<p>Wyk\u0142ad odb\u0119dzie si\u0119 na <mark style=\"background-color:rgba(0, 0, 0, 0)\" class=\"has-inline-color has-luminous-vivid-orange-color\"><strong>Wydziale Fizyki<\/strong> <\/mark>Uniwersytetu Warszawskiego w sali 1.40 w czwartek <strong><mark style=\"background-color:rgba(0, 0, 0, 0)\" class=\"has-inline-color has-luminous-vivid-orange-color\">20.05<\/mark> <\/strong>o godzinie <strong><mark style=\"background-color:rgba(0, 0, 0, 0)\" class=\"has-inline-color has-luminous-vivid-orange-color\">18:00<\/mark><\/strong>.<\/p>\n\n\n\n<p>Zaproszeni s\u0105 wszyscy: zainteresowani t\u0105 tematyk\u0105, a tak\u017ce ci, kt\u00f3rzy s\u0142ysz\u0105 o niej po raz pierwszy!<\/p>\n\n\n\n<p><\/p>\n<\/div>\n<\/li><\/ul><\/div>\n","protected":false},"excerpt":{"rendered":"","protected":false},"author":1,"featured_media":0,"parent":0,"menu_order":0,"comment_status":"closed","ping_status":"closed","template":"","meta":{"footnotes":""},"class_list":["post-284","page","type-page","status-publish","hentry"],"_links":{"self":[{"href":"https:\/\/knneuro.fuw.edu.pl\/index.php\/wp-json\/wp\/v2\/pages\/284","targetHints":{"allow":["GET"]}}],"collection":[{"href":"https:\/\/knneuro.fuw.edu.pl\/index.php\/wp-json\/wp\/v2\/pages"}],"about":[{"href":"https:\/\/knneuro.fuw.edu.pl\/index.php\/wp-json\/wp\/v2\/types\/page"}],"author":[{"embeddable":true,"href":"https:\/\/knneuro.fuw.edu.pl\/index.php\/wp-json\/wp\/v2\/users\/1"}],"replies":[{"embeddable":true,"href":"https:\/\/knneuro.fuw.edu.pl\/index.php\/wp-json\/wp\/v2\/comments?post=284"}],"version-history":[{"count":6,"href":"https:\/\/knneuro.fuw.edu.pl\/index.php\/wp-json\/wp\/v2\/pages\/284\/revisions"}],"predecessor-version":[{"id":681,"href":"https:\/\/knneuro.fuw.edu.pl\/index.php\/wp-json\/wp\/v2\/pages\/284\/revisions\/681"}],"wp:attachment":[{"href":"https:\/\/knneuro.fuw.edu.pl\/index.php\/wp-json\/wp\/v2\/media?parent=284"}],"curies":[{"name":"wp","href":"https:\/\/api.w.org\/{rel}","templated":true}]}}

Aktualności

<div class="wp-block-query is-layout-flow wp-block-query-is-layout-flow"><ul class="wp-block-post-template is-layout-flow wp-block-post-template-is-layout-flow"><li class="wp-block-post post-729 post type-post status-publish format-standard has-post-thumbnail hentry category-wyklad">

<hr class="wp-block-separator has-css-opacity"/>


<h2 class="wp-block-post-title"><a href="https://knneuro.fuw.edu.pl/index.php/2025/05/wyklad-otwarty-from-pixels-to-numbers-numerosity-perception-in-humans-and-machines/" target="_self" >[Updated] <strong>Wykłady otwarte prof. Marco Zorzi na Wydziale Fizyki UW</strong></a></h2>

<div class="wp-block-post-date"><time datetime="2025-05-13T13:01:00+02:00">13 maja 2025</time></div>

<figure class="alignwide wp-block-post-featured-image"><a href="https://knneuro.fuw.edu.pl/index.php/2025/05/wyklad-otwarty-from-pixels-to-numbers-numerosity-perception-in-humans-and-machines/" target="_self"  ><img loading="lazy" decoding="async" width="1200" height="800" src="https://knneuro.fuw.edu.pl/wp-content/uploads/2025/05/MarcoZorzi1.webp" class="attachment-post-thumbnail size-post-thumbnail wp-post-image" alt="[Updated] Wykłady otwarte prof. Marco Zorzi na Wydziale Fizyki UW" style="object-fit:cover;" srcset="https://knneuro.fuw.edu.pl/wp-content/uploads/2025/05/MarcoZorzi1.webp 1200w, https://knneuro.fuw.edu.pl/wp-content/uploads/2025/05/MarcoZorzi1-300x200.webp 300w, https://knneuro.fuw.edu.pl/wp-content/uploads/2025/05/MarcoZorzi1-1024x683.webp 1024w, https://knneuro.fuw.edu.pl/wp-content/uploads/2025/05/MarcoZorzi1-768x512.webp 768w" sizes="auto, 100vw" /></a></figure>

<div class="entry-content wp-block-post-content is-layout-flow wp-block-post-content-is-layout-flow">
<p>Dzięki uprzejmości Wydziału Psychologii UW już w tym tygodniu mamy zaszczyt gościć <mark style="background-color:rgba(0, 0, 0, 0)" class="has-inline-color has-luminous-vivid-orange-color">prof. Marco Zorzi</mark> <mark style="background-color:rgba(0, 0, 0, 0)" class="has-inline-color has-luminous-vivid-orange-color">z Uniwerytetu Padewskiego</mark>. Wygłosi on miniserię wykładów otwartych:</p>



<p><mark style="background-color:rgba(0, 0, 0, 0)" class="has-inline-color has-luminous-vivid-orange-color">From pixels to numbers: Numerosity perception in humans and machines</mark> &#8211; wykład odbędzie się  w środę <mark style="background-color:rgba(0, 0, 0, 0)" class="has-inline-color has-luminous-vivid-orange-color">21.05.2025</mark> o godzinie 17:00 w sali 0.06 na Wydziale Fizyki Uniwersytetu Warszawskiego.</p>



<p><mark style="background-color:rgba(0, 0, 0, 0)" class="has-inline-color has-luminous-vivid-orange-color">Abstact:</mark> How is visual numerosity computed from images? How is numerical information encoded and how it relates to non-numerical visual magnitudes? Why does numerosity discrimination improve during development but it lags behind in dyscalculia? This talk will address these issues using computational simulations with deep neural networks.</p>



<p><mark style="background-color:rgba(0, 0, 0, 0)" class="has-inline-color has-luminous-vivid-orange-color">Computational modelling of cognition: methods and challenges</mark> &#8211; wykład odbędzie się  w czwartek <mark style="background-color:rgba(0, 0, 0, 0)" class="has-inline-color has-luminous-vivid-orange-color">22.05.2025</mark> o godzinie 17:30 w sali 0.06 na Wydziale Fizyki Uniwersytetu Warszawskiego.</p>



<p><mark style="background-color:rgba(0, 0, 0, 0)" class="has-inline-color has-luminous-vivid-orange-color">Abstact:</mark> The lecture will cover basic methodological issues in computational modeling of cognition. Starting from a taxonomy of cognitive models and the aims of computational modeling, the discussion will focus on evaluation criteria and their application to connectionist (neural network) models.</p>



<p><strong><mark style="background-color:rgba(0, 0, 0, 0)" class="has-inline-color has-luminous-vivid-orange-color">Marco Zorzi</mark></strong>&nbsp;is Full Professor of Artificial Intelligence and Cognitive Psychology at the University of Padova, and Senior Researcher at IRCCS San Camillo Neurorehabilitation Hospital in Venice-Lido.</p>



<p>Trained in cognitive psychology, computational modelling, computational and cognitive neuroscience during doctoral and postdoctoral studies in Trieste (University of Trieste and SISSA), London (UCL) and Padova, he joined San Raffaele University-Milan in 2000 as assistant professor and the University of Padova in 2001 as associate professor (full professor since 2006).</p>



<p>In 2001 he set up the&nbsp;<a href="http://ccnl.psy.unipd.it/"><mark style="background-color:rgba(0, 0, 0, 0)" class="has-inline-color has-luminous-vivid-orange-color">Computational Cognitive Neuroscience Lab</mark></a>, an interdisciplinary research laboratory at the frontiers between cognitive science, computer science and neuroscience, focused on the computational bases of human cognition.&nbsp; Computational modeling based on artificial neural networks is complemented by empirical studies on adults (both healthy and neurologically impaired) and children (both typically and atypically developing) using behavioral and cognitive neuroscience methods.</p>



<p>Recent computational work was supported by the European Research Council and exploits deep learning and probabilistic graphical models to produce realistic simulations of human neurocognitive functions. State-of-the-art machine learning methods are also applied to neuroinformatics (neuroimaging data) and industrial applications.</p>



<p>Major past grants include Italian Ministry of Education and University (PRIN 2002, 2004, 2006, 2008), Italian Ministry of Health (RF 2013), University of Padova (Strategic Grants), Cariparo Foundation (Excellence Grants), Compagnia di San Paolo (Neuroscience Program), European Commission (FP5 and FP6, Marie Curie RTN), European Research Council.</p>



<p></p>
</div>
</li><li class="wp-block-post post-725 post type-post status-publish format-standard has-post-thumbnail hentry category-wyklad">

<hr class="wp-block-separator has-css-opacity"/>


<h2 class="wp-block-post-title"><a href="https://knneuro.fuw.edu.pl/index.php/2025/05/co-po-fizyce-jak-wyglada-budowanie-swojej-firmy-ai/" target="_self" ><strong>Co po fizyce: Jak wygląda budowanie swojej firmy AI?</strong></a></h2>

<div class="wp-block-post-date"><time datetime="2025-05-10T12:33:00+02:00">10 maja 2025</time></div>

<figure class="alignwide wp-block-post-featured-image"><a href="https://knneuro.fuw.edu.pl/index.php/2025/05/co-po-fizyce-jak-wyglada-budowanie-swojej-firmy-ai/" target="_self"  ><img loading="lazy" decoding="async" width="1920" height="1080" src="https://knneuro.fuw.edu.pl/wp-content/uploads/2025/05/co-po-fizyce-zakladanie-firmy-AI.jpg" class="attachment-post-thumbnail size-post-thumbnail wp-post-image" alt="Co po fizyce: Jak wygląda budowanie swojej firmy AI?" style="object-fit:cover;" srcset="https://knneuro.fuw.edu.pl/wp-content/uploads/2025/05/co-po-fizyce-zakladanie-firmy-AI.jpg 1920w, https://knneuro.fuw.edu.pl/wp-content/uploads/2025/05/co-po-fizyce-zakladanie-firmy-AI-300x169.jpg 300w, https://knneuro.fuw.edu.pl/wp-content/uploads/2025/05/co-po-fizyce-zakladanie-firmy-AI-1024x576.jpg 1024w, https://knneuro.fuw.edu.pl/wp-content/uploads/2025/05/co-po-fizyce-zakladanie-firmy-AI-768x432.jpg 768w, https://knneuro.fuw.edu.pl/wp-content/uploads/2025/05/co-po-fizyce-zakladanie-firmy-AI-1536x864.jpg 1536w" sizes="auto, 100vw" /></a></figure>

<div class="entry-content wp-block-post-content is-layout-flow wp-block-post-content-is-layout-flow">
<p>A może tak rzucić wszystko i założyć firmę AI? W ramach cyklu wykądów otwartych zapraszamy serdecznie na wykład <mark style="background-color:rgba(0, 0, 0, 0)" class="has-inline-color has-luminous-vivid-orange-color"><strong>prof. Jana Kwapisza</strong></mark>, gdzie dowiemy się co można robić po fizycę!</p>



<p>Wykład odbędzie się <mark style="background-color:rgba(0, 0, 0, 0)" class="has-inline-color has-luminous-vivid-orange-color">13.05.2025</mark> o <mark style="background-color:rgba(0, 0, 0, 0)" class="has-inline-color has-luminous-vivid-orange-color">17:30</mark> w sali 1.40 na <mark style="background-color:rgba(0, 0, 0, 0)" class="has-inline-color has-luminous-vivid-orange-color">Wydziale Fizyki</mark> Uniwersytetu Warszawskiego.</p>



<p>Serdecznie zapraszamy!</p>



<p></p>
</div>
</li><li class="wp-block-post post-718 post type-post status-publish format-standard has-post-thumbnail hentry category-wyklad">

<hr class="wp-block-separator has-css-opacity"/>


<h2 class="wp-block-post-title"><a href="https://knneuro.fuw.edu.pl/index.php/2025/05/badanie-plastycznosci-mozgu-zwiazanej-z-nauka-czytania-wyklad-otwarty/" target="_self" ><strong> Badanie plastyczności mózgu związanej z nauką czytania &#8211; wykład otwarty </strong></a></h2>

<div class="wp-block-post-date"><time datetime="2025-05-09T13:08:37+02:00">9 maja 2025</time></div>

<figure class="alignwide wp-block-post-featured-image"><a href="https://knneuro.fuw.edu.pl/index.php/2025/05/badanie-plastycznosci-mozgu-zwiazanej-z-nauka-czytania-wyklad-otwarty/" target="_self"  ><img loading="lazy" decoding="async" width="1920" height="1080" src="https://knneuro.fuw.edu.pl/wp-content/uploads/2025/05/WO_F_20.05.png" class="attachment-post-thumbnail size-post-thumbnail wp-post-image" alt="Badanie plastyczności mózgu związanej z nauką czytania &#8211; wykład otwarty" style="object-fit:cover;" srcset="https://knneuro.fuw.edu.pl/wp-content/uploads/2025/05/WO_F_20.05.png 1920w, https://knneuro.fuw.edu.pl/wp-content/uploads/2025/05/WO_F_20.05-300x169.png 300w, https://knneuro.fuw.edu.pl/wp-content/uploads/2025/05/WO_F_20.05-1024x576.png 1024w, https://knneuro.fuw.edu.pl/wp-content/uploads/2025/05/WO_F_20.05-768x432.png 768w, https://knneuro.fuw.edu.pl/wp-content/uploads/2025/05/WO_F_20.05-1536x864.png 1536w" sizes="auto, 100vw" /></a></figure>

<div class="entry-content wp-block-post-content is-layout-flow wp-block-post-content-is-layout-flow">
<p>Najbliższy wykład z cyklu wykładów otwartych będzie świetną okazją na zgłębienie tajników neuronalnego podłoża procesu czytania. Wygłosi go specjalistka w dziedzinie neurobiologii procesów językowych:<strong> <mark style="background-color:rgba(0, 0, 0, 0)" class="has-inline-color has-luminous-vivid-orange-color">dr. hab. Agnieszka Dębska</mark>.</strong></p>



<p>Wykład odbędzie się na <mark style="background-color:rgba(0, 0, 0, 0)" class="has-inline-color has-luminous-vivid-orange-color"><strong>Wydziale Fizyki</strong> </mark>Uniwersytetu Warszawskiego w sali 1.40 w czwartek <strong><mark style="background-color:rgba(0, 0, 0, 0)" class="has-inline-color has-luminous-vivid-orange-color">20.05</mark> </strong>o godzinie <strong><mark style="background-color:rgba(0, 0, 0, 0)" class="has-inline-color has-luminous-vivid-orange-color">18:00</mark></strong>.</p>



<p>Zaproszeni są wszyscy: zainteresowani tą tematyką, a także ci, którzy słyszą o niej po raz pierwszy!</p>



<p></p>
</div>
</li></ul></div>
