{"id":31,"date":"2021-01-17T02:52:10","date_gmt":"2021-01-17T01:52:10","guid":{"rendered":"http:\/\/knneuro.fuw.edu.pl\/?page_id=31"},"modified":"2026-02-27T16:48:14","modified_gmt":"2026-02-27T15:48:14","slug":"strona-glowna","status":"publish","type":"page","link":"https:\/\/knneuro.fuw.edu.pl\/","title":{"rendered":"Strona g\u0142\u00f3wna"},"content":{"rendered":"\n<p>Witamy na stronie Ko\u0142a Naukowego Neuroinformatyki! Jeste\u015bmy grup\u0105 entuzjast\u00f3w <span class=\"has-inline-color has-luminous-vivid-orange-color\">neuronauk<\/span>. Naszym celem jest propagowanie wiedzy o <span class=\"has-inline-color has-luminous-vivid-orange-color\">neuroinformatyce<\/span> i <span class=\"has-inline-color has-luminous-vivid-orange-color\">intefejsach m\u00f3zg komputer<\/span>.<\/p>\n","protected":false},"excerpt":{"rendered":"<p>Witamy na stronie Ko\u0142a Naukowego Neuroinformatyki! Jeste\u015bmy grup\u0105 entuzjast\u00f3w neuronauk. Naszym celem jest propagowanie wiedzy o neuroinformatyce i intefejsach m\u00f3zg komputer.<\/p>\n","protected":false},"author":1,"featured_media":0,"parent":0,"menu_order":0,"comment_status":"closed","ping_status":"closed","template":"","meta":{"footnotes":""},"class_list":["post-31","page","type-page","status-publish","hentry"],"_links":{"self":[{"href":"https:\/\/knneuro.fuw.edu.pl\/index.php\/wp-json\/wp\/v2\/pages\/31","targetHints":{"allow":["GET"]}}],"collection":[{"href":"https:\/\/knneuro.fuw.edu.pl\/index.php\/wp-json\/wp\/v2\/pages"}],"about":[{"href":"https:\/\/knneuro.fuw.edu.pl\/index.php\/wp-json\/wp\/v2\/types\/page"}],"author":[{"embeddable":true,"href":"https:\/\/knneuro.fuw.edu.pl\/index.php\/wp-json\/wp\/v2\/users\/1"}],"replies":[{"embeddable":true,"href":"https:\/\/knneuro.fuw.edu.pl\/index.php\/wp-json\/wp\/v2\/comments?post=31"}],"version-history":[{"count":23,"href":"https:\/\/knneuro.fuw.edu.pl\/index.php\/wp-json\/wp\/v2\/pages\/31\/revisions"}],"predecessor-version":[{"id":739,"href":"https:\/\/knneuro.fuw.edu.pl\/index.php\/wp-json\/wp\/v2\/pages\/31\/revisions\/739"}],"wp:attachment":[{"href":"https:\/\/knneuro.fuw.edu.pl\/index.php\/wp-json\/wp\/v2\/media?parent=31"}],"curies":[{"name":"wp","href":"https:\/\/api.w.org\/{rel}","templated":true}]}}